{"id":3651,"date":"2016-01-24T11:22:19","date_gmt":"2016-01-24T10:22:19","guid":{"rendered":"http:\/\/djforever.se\/?page_id=3651"},"modified":"2019-08-11T17:50:45","modified_gmt":"2019-08-11T15:50:45","slug":"evenemang-referenser","status":"publish","type":"page","link":"https:\/\/djforever.se\/?page_id=3651","title":{"rendered":"Evenemang\/Referenser"},"content":{"rendered":"<h1>Uthyrning av Musik-Dj-Ljud-Ljus Utrustning till<\/h1>\n<h1 style=\"text-align: center;\"><span style=\"color: #000000;\">Evenemang\/Referenser genom \u00e5ren 2005-2020<\/span><\/h1>\n<ul>\n<li style=\"list-style-type: none;\">\n<ul>\n<li>\n<h3><span style=\"color: #000000;\">1: 2005-03-11 Alings\u00e5s \u00c4ngaboDisco<\/span><\/h3>\n<\/li>\n<li>\n<h3><span style=\"color: #000000;\">2: 2005-03-18 Alings\u00e5s Trance &amp; techno Kv\u00e4ll ( Disco )<\/span><\/h3>\n<\/li>\n<li>\n<h3><span style=\"color: #000000;\">3: 2005-04-14 Alings\u00e5s Skoldans ( Nolhaga )<\/span><\/h3>\n<\/li>\n<li>\n<h3><span style=\"color: #000000;\">4: 2005-11-11 Alings\u00e5s Sm\u00e5-Disco p\u00e5 Kabom\u00b4s Fridtidsg\u00e5rd<\/span><\/h3>\n<\/li>\n<li>\n<h3><span style=\"color: #000000;\">5: 2005-11-25 Alings\u00e5s Noltorpsskolan ( Skol-Disco )<\/span><\/h3>\n<\/li>\n<li>\n<h3><span style=\"color: #000000;\">6: 2005-12-09 Alings\u00e5s Lendahlsskolan ( Skol-Disco )<\/span><\/h3>\n<\/li>\n<li>\n<h3><span style=\"color: #000000;\">7: 2006-01-12 Alings\u00e5s Utbildning\u00b4s HUS ( Disco )<\/span><\/h3>\n<\/li>\n<\/ul>\n<\/li>\n<\/ul>\n<ul>\n<li style=\"text-align: left;\">\n<h3><span style=\"color: #000000;\">8: 2006-02-10 Alings\u00e5s Kabom\u00b4s Fridtidsg\u00e5rd ( SportlovsDisco )<\/span><\/h3>\n<\/li>\n<li>\n<h3><span style=\"color: #000000;\">9: 2006-03-24 Alings\u00e5s Noltorpsskolan ( Skol-Disco )<\/span><\/h3>\n<\/li>\n<li>\n<h3><span style=\"color: #000000;\">10: 2006-09-02 Alings\u00e5s\u00b4s Golfklubb Br\u00f6llop ( Privat )<\/span><\/h3>\n<\/li>\n<li>\n<h3><span style=\"color: #000000;\">11: 2006-12-08 Alings\u00e5s \u00c4ngaboDisco<\/span><\/h3>\n<\/li>\n<li>\n<h3><span style=\"color: #000000;\">12: 2007-03-02 Alings\u00e5s Noltorpsskolan ( Skol-Disco )<\/span><\/h3>\n<\/li>\n<li>\n<h3><span style=\"color: #000000;\">13: 2007-02-23 Alings\u00e5s Kullingsbergsskolan ( Skol-Disco )<\/span><\/h3>\n<\/li>\n<li>\n<h3><span style=\"color: #000000;\">14: 2007-5-25 Alings\u00e5s \u00c4ngaboDisco<\/span><\/h3>\n<\/li>\n<li>\n<h3><span style=\"color: #000000;\">15: 2007-9-29 Alings\u00e5s Invigning f\u00f6r Ljus i Alings\u00e5s ( Fest )<\/span><\/h3>\n<\/li>\n<li>\n<h3><span style=\"color: #000000;\">16: 2007-10-31 Alings\u00e5s VattenDisco<\/span><\/h3>\n<\/li>\n<li>\n<h3><span style=\"color: #000000;\">17: 2007-11-30 Alings\u00e5s \u00c4ngaboDisco<\/span><\/h3>\n<\/li>\n<li>\n<h3><span style=\"color: #000000;\">18: 2007-7-12 Alings\u00e5s Nolbyskolan ( Skol-Disco )<\/span><\/h3>\n<\/li>\n<li>\n<h3><span style=\"color: #000000;\">19: 2008-4-26 Alings\u00e5s TAPPA Avslutningsfest ( Privat )<\/span><\/h3>\n<\/li>\n<li>\n<h3><span style=\"color: #000000;\">20: 2008-7-26 Varg\u00f6n Br\u00f6llop ( Privat )<\/span><\/h3>\n<\/li>\n<li>\n<h3><span style=\"color: #000000;\">21: 2008-8-16 Olofstorp Br\u00f6llop ( Privat )<\/span><\/h3>\n<\/li>\n<li>\n<h3><span lang=\"sv\" style=\"color: #000000;\">22: 2008-9-18 Alings\u00e5s \u00d6stlyckeskolan 7an\u2019s Fest ( Disco ) <\/span><\/h3>\n<\/li>\n<li>\n<h3><span style=\"color: #000000;\">23: 2008-10-20 Sm\u00e5landsstenar ( V\u00e4sk-Jobb ) Ungdomsfestival ( Disco )<\/span><\/h3>\n<\/li>\n<li>\n<h3><span style=\"color: #000000;\">24: 2008-11-06 Alings\u00e5s Skoldans ( Nolhaga )<\/span><\/h3>\n<\/li>\n<li>\n<h3><span style=\"color: #000000;\">25: 2008-11-22 Alings\u00e5s 40 \u00e5rs Fest ( Privat )<\/span><\/h3>\n<\/li>\n<li>\n<h3><span style=\"color: #000000;\">26: 2009-02-06 Alings\u00e5s Stort MellanstadsDisco ( Alstr\u00f6mer\u00b4s Matsal )<\/span><\/h3>\n<\/li>\n<li>\n<h3><span style=\"color: #000000;\">27: 2009-03-06 Alings\u00e5s Stort \u00c4ngaboDisco<\/span><\/h3>\n<\/li>\n<li>\n<h3><span style=\"color: #000000;\">28: 2009-03-26 Alings\u00e5s Skoldans ( Nolhaga )<\/span><\/h3>\n<\/li>\n<li>\n<h3><span style=\"color: #000000;\">29: 2009-04-18 Alings\u00e5s 40-\u00e5rs Fest ( Privat )<\/span><\/h3>\n<\/li>\n<li>\n<h3><span style=\"color: #000000;\">30: 2009-04-2<span lang=\"sv\">4<\/span> Alings\u00e5s Stort MellastadsDisco ( Alstr\u00f6mer\u00b4s Matsal )<\/span><\/h3>\n<\/li>\n<li>\n<h3><span style=\"color: #000000;\">31: 2009-08-01 Hedared Br\u00f6llop ( Privat )<\/span><\/h3>\n<\/li>\n<li>\n<h3><span style=\"color: #000000;\">32: 2009-09-17 Alings\u00e5s Skoldans ( Nolhaga )<\/span><\/h3>\n<\/li>\n<li>\n<h3><span style=\"color: #000000;\">33: 2009-10-15 Alings\u00e5s \u00d6stlyckeskolan 7an&#8217;s Fest ( Disco )<\/span><\/h3>\n<\/li>\n<li>\n<h3><span style=\"color: #000000;\">34: 2009-10-22 Alings\u00e5s Skoldans ( Nolhaga )<\/span><\/h3>\n<\/li>\n<li>\n<h3><span style=\"color: #000000;\">35: 2009-10-31 Alings\u00e5s H\u00f6stlovsdisco ( Nolhaga\u00b4s Matsal ) \u00c5rskurs 7-9<\/span><\/h3>\n<\/li>\n<li>\n<h3><span style=\"color: #000000;\">36: 2009-11-26 Alings\u00e5s Skoldans ( Nolhaga )<\/span><\/h3>\n<\/li>\n<li>\n<h3><span style=\"color: #000000;\">37: 2009-12-18 Alings\u00e5s Stort \u00c4ngaboDisco<\/span><\/h3>\n<\/li>\n<li>\n<h3><span style=\"color: #000000;\">38: 2009-12-31 Alings\u00e5s Ny\u00e5rsfest ( Privat )<\/span><\/h3>\n<\/li>\n<li>\n<h3><span style=\"color: #000000;\">39: 2010-01-29 Alings\u00e5s Stort MellastadsDisco ( Alstr\u00f6mer\u00b4s Matsal )<\/span><\/h3>\n<\/li>\n<li>\n<h3><span style=\"color: #000000;\">40: 2010-03-18 Alings\u00e5s Skoldans ( Nolhaga )<\/span><\/h3>\n<\/li>\n<li>\n<h3><span style=\"color: #000000;\">41: 2010-04-22 Alings\u00e5s Skoldans ( Nolhaga )<\/span><\/h3>\n<\/li>\n<li>\n<h3><span style=\"color: #000000;\">42: 2010-04-23 Alings\u00e5s Stort \u00c4ngaboDisco<\/span><\/h3>\n<\/li>\n<li>\n<h3><span style=\"color: #000000;\">43: 2010-05-14 Alings\u00e5s DJ ( Ljus-teknik ) H\u00e4lsostudion ( Disco-Spinning-Pass Show )<\/span><\/h3>\n<\/li>\n<li>\n<h3><span style=\"color: #000000;\">44: 2010-08-28 Bredared Br\u00f6llop ( Privat )<\/span><\/h3>\n<\/li>\n<li>\n<h3><span style=\"color: #000000;\">45: 2010-09-11 Alings\u00e5s ( \u00d6stadkulle ) kr\u00e4ftskiva ( Privat )<\/span><\/h3>\n<\/li>\n<li>\n<h3><span style=\"color: #000000;\">46: 2010-09-24 Alings\u00e5s Stort \u00c4ngaboDisco<\/span><\/h3>\n<\/li>\n<li>\n<h3><span style=\"color: #000000;\">47: 2010-10-15 Alings\u00e5s Stort MellastadsDisco ( Alstr\u00f6mer\u00b4s Matsal )<\/span><\/h3>\n<\/li>\n<li>\n<h3><span style=\"color: #000000;\">48: 2010-11-06 Alings\u00e5s Stor DiscoBowling\u00a0( V\u00e4sk-Jobb ) ( Stures Bowling\u00a0&amp; SportBar )<\/span><\/h3>\n<\/li>\n<li>\n<h3><span style=\"color: #000000;\">49: 2010-11-20\u00a0Alings\u00e5s Stor Disco-Bowling ( V\u00e4sk-Jobb )\u00a0( Stures Bowling &amp; Sportbar\u00a0)<\/span><\/h3>\n<\/li>\n<li>\n<h3><span style=\"color: #000000;\">50:\u00a02010-12-16 Alings\u00e5s \u00d6stlyckeskolan 7an\u2019s Fest ( Disco )<\/span><\/h3>\n<\/li>\n<li>\n<h3><span style=\"color: #000000;\">51: 2010-12-18 Alings\u00e5s Stor Disco-Bowling ( V\u00e4sk-Jobb )\u00a0( Stures Bowling &amp; Sportbar\u00a0)<\/span><\/h3>\n<\/li>\n<li>\n<h3><span style=\"color: #000000;\">52: 2011-01-15 Alings\u00e5s Stor Disco-Bowling ( V\u00e4sk-Jobb )\u00a0( Stures Bowling &amp; Sportbar\u00a0)<\/span><\/h3>\n<\/li>\n<li>\n<h3><span style=\"color: #000000;\">53: 2011-01-21 Alings\u00e5s Stor Disco-Bowling ( V\u00e4sk-Jobb )\u00a0( Stures Bowling &amp; Sportbar\u00a0)<\/span><\/h3>\n<\/li>\n<li>\n<h3><span style=\"color: #000000;\">54: 2011-01-22 Alings\u00e5s DJ ( Ljus-teknik ) H\u00e4lsostudion ( Disco-Spinning-Pass Show )<\/span><\/h3>\n<\/li>\n<li>\n<h3><span style=\"color: #000000;\">55: 2011-03-05 Alings\u00e5s Stor Rock\/Disco-Bowling Tillsammans med\u00a0The Onions ( V\u00e4sk-Jobb ) ( Stures Bowling &amp; Sportbar )<\/span><\/h3>\n<\/li>\n<li>\n<h3><span style=\"color: #000000;\">56: 2011-11-12 Bor\u00e5s Andra V\u00e5ning K\u00f6k-Bar ( 50 \u00c5rs-Fest )<\/span><\/h3>\n<\/li>\n<li>\n<h3><span style=\"color: #000000;\">57:\u00a02011-12-02\u00a0V\u00e5rg\u00e5rda Stort MellanStadieDisco ( Idrotts Hall )<\/span><\/h3>\n<\/li>\n<li>\n<h3><span style=\"color: #000000;\">58: 2011-12-16 Alings\u00e5s Stort LusseDisco ( Piruetten )<\/span><\/h3>\n<\/li>\n<li>\n<h3><span style=\"color: #000000;\">59: 2012-04-27 Alings\u00e5s Skoldisco f\u00f6r l\u00e5g och mellanstadiet ( Noltorpsskolan )<\/span><\/h3>\n<\/li>\n<li>\n<h3><span style=\"color: #000000;\">60: 2012-06-05 Alings\u00e5s Student ( Ljud ) flak<\/span><\/h3>\n<\/li>\n<li>\n<h3><span style=\"color: #000000;\">61: 2012-06-09 Alings\u00e5s ( 30 \u00c5rs-Fest ) Privat Tillst\u00e4llning<\/span><\/h3>\n<\/li>\n<li>\n<h3><span style=\"color: #000000;\">62: 2012-12-14 Alings\u00e5s LusseDisco<\/span><\/h3>\n<\/li>\n<li>\n<h3><span style=\"color: #000000;\">63: 2013-05-31 Alings\u00e5s Student ( Ljud ) flak<\/span><\/h3>\n<\/li>\n<li>\n<h3><span style=\"color: #000000;\">64: 2013-06-05 Bor\u00e5s Student ( Ljud ) flak<\/span><\/h3>\n<\/li>\n<li>\n<h3><span style=\"color: #000000;\">65: 2013-12-25 Oskarshamn Abbes Resturang The House Of Rock<\/span><\/h3>\n<\/li>\n<li>\n<h3><span style=\"color: #000000;\">66: 2014-03-28 Alings\u00e5s Skoldisco f\u00f6r l\u00e5g och mellanstadiet ( Noltorpsskolan )<\/span><\/h3>\n<\/li>\n<li>\n<h3><span style=\"color: #000000;\">67: 2014-06-05 Alings\u00e5s Student ( ljud ) flak<\/span><\/h3>\n<\/li>\n<li>\n<h3><span style=\"color: #000000;\">68: 2014-06-13 Bor\u00e5s Student( ljud ) flak<\/span><\/h3>\n<\/li>\n<li>\n<h3><span style=\"color: #000000;\">69: 2014-08-16 Hedared Br\u00f6llop ( Privat tillst\u00e4llning )<\/span><\/h3>\n<\/li>\n<li>\n<h3><span style=\"color: #000000;\">70: 2015-05-08 Alings\u00e5s Skoldisco f\u00f6r l\u00e5g och mellanstadiet ( Noltorpsskolan )<\/span><\/h3>\n<\/li>\n<\/ul>\n","protected":false},"excerpt":{"rendered":"<p>Uthyrning av Musik-Dj-Ljud-Ljus Utrustning till Evenemang\/Referenser genom \u00e5ren 2005-2020 1: 2005-03-11 Alings\u00e5s \u00c4ngaboDisco 2: 2005-03-18 Alings\u00e5s Trance &amp; techno Kv\u00e4ll ( Disco ) 3: 2005-04-14 Alings\u00e5s Skoldans ( Nolhaga ) 4: 2005-11-11 Alings\u00e5s Sm\u00e5-Disco p\u00e5 Kabom\u00b4s Fridtidsg\u00e5rd 5: 2005-11-25 Alings\u00e5s &hellip; <a href=\"https:\/\/djforever.se\/?page_id=3651\">Continue reading <span class=\"meta-nav\">&rarr;<\/span><\/a><\/p>\n","protected":false},"author":1,"featured_media":0,"parent":0,"menu_order":0,"comment_status":"closed","ping_status":"closed","template":"","meta":[],"_links":{"self":[{"href":"https:\/\/djforever.se\/index.php?rest_route=\/wp\/v2\/pages\/3651"}],"collection":[{"href":"https:\/\/djforever.se\/index.php?rest_route=\/wp\/v2\/pages"}],"about":[{"href":"https:\/\/djforever.se\/index.php?rest_route=\/wp\/v2\/types\/page"}],"author":[{"embeddable":true,"href":"https:\/\/djforever.se\/index.php?rest_route=\/wp\/v2\/users\/1"}],"replies":[{"embeddable":true,"href":"https:\/\/djforever.se\/index.php?rest_route=%2Fwp%2Fv2%2Fcomments&post=3651"}],"version-history":[{"count":9,"href":"https:\/\/djforever.se\/index.php?rest_route=\/wp\/v2\/pages\/3651\/revisions"}],"predecessor-version":[{"id":4367,"href":"https:\/\/djforever.se\/index.php?rest_route=\/wp\/v2\/pages\/3651\/revisions\/4367"}],"wp:attachment":[{"href":"https:\/\/djforever.se\/index.php?rest_route=%2Fwp%2Fv2%2Fmedia&parent=3651"}],"curies":[{"name":"wp","href":"https:\/\/api.w.org\/{rel}","templated":true}]}}